05?
True
Does 22 divide 45166?
True
Does 56 divide 1848?
True
Is 12 a factor of 264?
True
Is 11 a factor of 172?
False
Is 8188 a multiple of 63?
False
Is 2070 a multiple of 23?
True
Does 38 divide 25004?
True
Is 156 a multiple of 6?
True
Does 78 divide 8302?
False
Is 8 a factor of 152?
True
Is 109605 a multiple of 410?
False
Is 42 a factor of 7140?
True
Is 20 a factor of 18820?
True
Does 12 divide 8324?
False
Is 19959 a multiple of 62?
False
Is 56 a factor of 6720?
True
Is 113 a factor of 2486?
True
Is 8592 a multiple of 10?
False
Is 50 a factor of 11150?
True
Is 13 a factor of 384?
False
Is 12 a factor of 15?
False
Is 8656 a multiple of 212?
False
Does 40 divide 46544?
False
Is 27768 a multiple of 39?
True
Is 11 a factor of 4107?
False
Is 183 a multiple of 7?
False
Is 57 a factor of 9690?
True
Does 110 divide 635?
False
Is 165 a multiple of 11?
True
Is 323 a multiple of 8?
False
Is 41 a factor of 19900?
False
Is 2400 a multiple of 15?
True
Is 16 a factor of 690?
False
Does 89 divide 28609?
False
Is 25 a factor of 700?
True
Does 88 divide 2550?
False
Is 2926 a multiple of 38?
True
Is 4425 a multiple of 142?
False
Is 18811 a multiple of 131?
False
Does 3 divide 780?
True
Is 517 a multiple of 47?
True
Is 21 a factor of 36603?
True
Is 468 a multiple of 26?
True
Does 13 divide 692?
False
Is 51440 a multiple of 82?
False
Is 48 a factor of 555?
False
Does 78 divide 156?
True
Does 14 divide 33?
False
Does 13 divide 3302?
True
Does 58 divide 26970?
True
Does 3 divide 5032?
False
Is 36255 a multiple of 25?
False
Is 28 a factor of 6944?
True
Does 14 divide 84?
True
Does 11 divide 3029?
False
Is 2829 a multiple of 37?
False
Is 23 a factor of 36411?
False
Is 57 even?
False
Is 49 a factor of 3020?
False
Is 5 a factor of 326?
False
Is 97640 a multiple of 10?
True
Is 141 a factor of 71206?
False
Is 6 a factor of 100?
False
Is 16 even?
True
Does 4 divide 302?
False
Does 11 divide 3343?
False
Does 8 divide 1840?
True
Is 164 a factor of 6888?
True
Does 42 divide 1352?
False
Is 7 a factor of 123?
False
Is 9173 a multiple of 21?
False
Is 1494 a multiple of 83?
True
Is 57 a factor of 5529?
True
Is 14 a factor of 57008?
True
Does 11 divide 583?
True
Is 4080 a multiple of 30?
True
Is 1638 a multiple of 9?
True
Is 11 a factor of 24790?
False
Is 20 a factor of 1409?
False
Is 30 a factor of 1318?
False
Is 7 a factor of 9639?
True
Does 33 divide 884?
False
Does 9 divide 2718?
True
Does 45 divide 3594?
False
Is 38110 a multiple of 37?
True
Is 152 a factor of 3648?
True
Is 29 a factor of 3674?
False
Is 18 a factor of 45378?
True
Does 54 divide 115?
False
Is 94 a factor of 11938?
True
Is 5 a factor of 838?
False
Is 40 a factor of 638?
False
Does 74 divide 167?
False
Is 2920 a multiple of 21?
False
Is 82 a factor of 7119?
False
Does 61 divide 1159?
True
Is 2544 a multiple of 42?
False
Does 30 divide 18231?
False
Is 6 a factor of 5646?
True
Is 14947 a multiple of 2?
False
Is 10 a factor of 30?
True
Is 3 a factor of 1428?
True
Is 18 a factor of 13470?
False
Is 73 a factor of 803?
True
Is 8868 a multiple of 6?
True
Is 81 a factor of 324?
True
Is 24 a factor of 26061?
False
Does 8 divide 1224?
True
Does 54 divide 35208?
True
Does 227 divide 47897?
True
Does 2 divide 40?
True
Is 55 a factor of 990?
True
Is 6461 a multiple of 84?
False
Does 11 divide 40405?
False
Does 42 divide 26507?
False
Is 241 a multiple of 3?
False
Is 11 a factor of 1632?
False
Is 73423 a multiple of 346?
False
Is 15 a factor of 685?
False
Does 3 divide 3174?
True
Does 58 divide 484?
False
Is 363 a multiple of 15?
False
Is 7 a factor of 1278?
False
Is 3 a factor of 6822?
True
Does 15 divide 9378?
False
Is 824 a multiple of 8?
True
Does 33 divide 16665?
True
Does 54 divide 1026?
True
Is 950 a multiple of 19?
True
Does 10 divide 260?
True
Is 15 a factor of 36300?
True
Is 11700 a multiple of 36?
True
Does 12 divide 1218?
False
Does 58 divide 15776?
True
Is 16564 a multiple of 202?
True
Is 6 a factor of 30?
True
Is 2 a factor of 10673?
False
Is 4782 a multiple of 34?
False
Does 47 divide 88?
False
Does 75 divide 9659?
False
Does 29 divide 10498?
True
Does 77 divide 2849?
True
Is 359 a multiple of 4?
False
Does 39 divide 854?
False
Is 3517 a multiple of 36?
False
Does 114 divide 2157?
False
Is 16 a factor of 1654?
False
Is 51573 a multiple of 29?
False
Is 5150 a multiple of 25?
True
Is 11 a factor of 2035?
True
Is 54 a factor of 972?
True
Does 38 divide 10039?
False
Does 39 divide 5499?
True
Is 9424 a multiple of 31?
True
Is 8672 a multiple of 28?
False
Does 126 divide 46119?
False
Is 3 a factor of 37?
False
Is 137 a factor of 38908?
True
Is 3 a factor of 228?
True
Does 49 divide 4546?
False
Is 16 a factor of 9200?
True
Is 41191 a multiple of 175?
False
Does 28 divide 7633?
False
Does 29 divide 9628?
True
Does 2 divide 6595?
False
Is 1460 a multiple of 87?
False
Is 11 a factor of 242?
True
Does 30 divide 499?
False
Does 19 divide 1634?
True
Is 11 a factor of 4653?
True
Is 448 a multiple of 8?
True
Is 4 a factor of 2655?
False
Is 65 a factor of 11830?
True
Is 7804 a multiple of 9?
False
Is 21 a factor of 7696?
False
Does 22 divide 1715?
False
Is 10023 a multiple of 13?
True
Does 7 divide 889?
True
Is 35 a factor of 2765?
True
Does 306 divide 54162?
True
Does 12 divide 43868?
False
Does 77 divide 4751?
False
Is 2148 a multiple of 82?
False
Does 12 divide 7440?
True
Is 24 a factor of 984?
True
Is 118 a factor of 590?
True
Is 81 a factor of 11667?
False
Is 14780 a multiple of 23?
False
Does 7 divide 38962?
True
Does 64 divide 10880?
True
Is 48825 a multiple of 225?
True
Is 660 a multiple of 12?
True
Is 113 a factor of 9266?
True
Is 5998 a multiple of 6?
False
Does 18 divide 90?
True
Is 158 a factor of 3458?
False
Is 15946 a multiple of 119?
True
Is 2114 a multiple of 15?
False
Does 77 divide 11496?
False
Does 5 divide 3125?
True
Does 89 divide 1068?
True
Does 4 divide 272?
True
Is 1791 a multiple of 13?
False
Is 6 a factor of 2874?
True
Does 119 divide 52004?
False
Is 97754 a multiple of 10?
False
Is 38 a factor of 380?
True
Does 146 divide 8176?
True
Does 37 divide 23097?
False
Does 145 divide 9715?
True
Is 20 a factor of 39689?
False
Is 1129 a multiple of 20?
False
Is 5805 a multiple of 43?
True
Does 18 divide 112?
False
Does 37 divide 703?
True
Is 13 a factor of 612?
False
Is 47 a factor of 19975?
True
Is 22 a factor of 3611?
False
Is 11 a multiple of 7?
False
Is 696 a multiple of 29?
True
Is 7690 a multiple of 21?
False
Does 7 divide 11329?
False
Does 26 divide 2141?
False
Is 6888 a multiple of 129?
False
Does 17 divide 1217?
False
Does 9 divide 2781?
True
Does 168 divide 12392?
False
Does 23 divide 2363?
False
Is 61 a factor of 2196?
True
Is 13 a factor of 184?
False
Is 6874 a multiple of 20?
False
Is 22 a factor of 2562?
False
Is 144 a multiple of 2?
True
Is 40160 a multiple of 16?
True
Does 3 divide 27075?
True
Is 836 a multiple of 4?
True
Is 137 even?
False
Does 68 divide 4352?
True
Is 22 a factor of 1694?
True
Does 99 divide 3244?
False
Is 395 a multiple of 24?
False
Is 1032 a multiple of 24?
True
Is 207 a factor of 69475?
False
Is 16 a factor of 224?
True
Does 21 divide 69004?
False
Does 9 divide 42294?
False
Does 5 divide 23845?
True
Is 632 a multiple of 8?
True
Is 1786 a multiple of 61?
False
Is 18 a factor of 120?
False
Does 16 divide 15344?
True
Does 29 divide 7308?
True
Is 7 a factor of 41797?
True
Does 51 divide 3111?
True
Is 15678 a multiple of 39?
True
Is 10 a factor of 761?
False
Does 39 divide 2106?
True
Does 25 divide 90150?
True
Is 5993 a multiple of 43?
False
Is 58 a factor of 27203?
False
Is 3935 a multiple of 16?
False
Is 915 a multiple of 15?
True
Does 9 divide 9909?
True
Is 20 a factor of 53680?
True
Does 21 divide 403?
False
Does 14 divide 3124?
False
Is 42 a factor of 282?
False
Does 56 divide 6404?
False
Is 1456 a multiple of 26?
True
Is 231 a factor of 38885?
False
Does 25 divide 1700?
True
Does 38 divide 1166?
False
Does 15 divide 705?
True
Does 9 divide 3849?
False
Is 66 a factor of 21978?
True
Is 13 a factor of 279?
False
Does 22 divide 11440?
True
Is 135 a factor of 22005?
True
Does 33 divide 284?
False
Does 83 divide 7939?
False
Does 19 divide 170?
False
Does 177 divide 33276?
True
Is 15 a factor of 1399?
False
Is 428 a multiple of 18?
False
Is 23 a factor of 1303?
False
Is 17